3057. What is the units digit of x?
3
Let m(a) = a**3 - 3*a**2 + 5*a - 3. Let d be m(3). Let k = -7 + d. Suppose 0 = -2*n + 4*h + 60, 0 = -n + k*h + 23 + 19. What is the units digit of n?
2
Let c = 232 - 127. What is the tens digit of c?
0
Suppose 350*t - 25410 = 340*t. What is the thousands digit of t?
2
Let k(x) = -x**2 - x + 4. Let o be k(2). Let n be o/1 - -5 - 13. What is the units digit of (-2 + n)/4 - -9?
6
Let w be (-18)/(-2) + 0/9. Suppose -x + 21 = -f - 6*x, -6 = f + 2*x. Suppose -31 = -f*u + w. What is the tens digit of u?
1
What is the units digit of (-44216)/(-36) - -2 - (-6)/(-27)?
0
Suppose 0 = -3*j + 6*j. Suppose j*g + 15 = 5*g. Suppose 3*w = -g*h + 51, -4*w + 5*h + 62 = -24. What is the tens digit of w?
1
Let y = 17 + -15. Let k be y + (38 - -2)/2. Suppose f - k = -f. What is the tens digit of f?
1
Let p = -97 - -106. What is the units digit of (-90)/(-2)*15/p?
5
Let v(n) = 29*n**2 - 9*n + 17. What is the hundreds digit of v(4)?
4
Suppose o + 4*o = -10. Let f be o/(1/86*-2). Suppose -k = k - f. What is the units digit of k?
3
What is the units digit of (47 - 36)/(2/16)?
8
What is the units digit of 53 - (9 - 32/4)?
2
Suppose -3*t + 6 = 6. Suppose t = 4*b + b + 4*k - 179, 30 = b - 5*k. What is the units digit of b?
5
Let u = 60 + -66. What is the tens digit of 3542/18 + u/(-27)?
9
Let v(b) = b**3 - 6*b**2 - b + 10. Let o be v(6). Suppose -o*j + 10*j - 366 = 0. What is the units digit of j?
1
Let f be -1 + (3 - 1) + 14. Let v = 1163 - 1133. What is the tens digit of (f/v)/((-2)/(-280))?
7
Let p = 6354 + -3787. What is the tens digit of p?
6
Let a(w) = -6*w + 20. Let l(j) = -7*j + 19. Let f(v) = 3*a(v) - 2*l(v). What is the tens digit of f(-28)?
3
Suppose -2*p - 83 = 5*m - 729, p - 131 = -m. What is the units digit of m?
8
Let i(q) = 138*q**3 - q**2 + 2*q - 2. Let g be i(1). Let d = g - 90. Suppose -b - 3*v + 1 = 0, -5*b + 4*v + 53 = -d. What is the tens digit of b?
1
Let m(f) = -f**3 - f**2 + f + 4. Let y be m(0). Suppose -360 = -y*t + t. What is the hundreds digit of t?
1
Let o(h) = h**2 - 4*h - 11. Let y be -6*3/(9/(-12)). Suppose -t + l = -12, 4*t + 4*l = -t + y. What is the tens digit of o(t)?
2
What is the hundreds digit of 0 + 5 + (-8)/(40/(-10165))?
0
Let g(c) = -c**3 + 13*c**2 + 4*c - 9. Let i be g(10). Suppose r = 4*n - i, n - 5*r - 64 = -r. What is the units digit of n?
4
Suppose 30*f = -3*f + 24057. What is the hundreds digit of f?
7
Let r(q) = -q - 8. Let k(y) = 1. Let a(l) = 6*k(l) + r(l). Let j be a(0). What is the units digit of (-1038)/(-22) + j/11?
7
Let i = -32 + 1082. What is the hundreds digit of i?
0
Let j be (-5 - 2) + 4 - 9. Let l(w) = w**2 + 5*w + 8. What is the units digit of l(j)?
2
Suppose 2*q = 3*d + 1767, 4*d + d = -3*q + 2660. What is the tens digit of q?
8
Let s(g) = -18*g + 60. What is the tens digit of s(-12)?
7
Let p(n) = -6*n - 13. Suppose 2 = -3*l - 10. What is the tens digit of p(l)?
1
Suppose 0*g - 2*g + 8 = -q, 3*q - 12 = -3*g. Suppose -g*t + 5*t - 88 = 0. What is the units digit of t?
8
Suppose 7*k - 70 = 49. Let f be (-96)/7 - 4/14. Let g = k + f. What is the units digit of g?
3
Let t(y) = -2*y**2 + 2*y - 1. Let s(h) = 6*h**2 - 7*h + 2. Let p(l) = -2*s(l) - 7*t(l). Let g be p(3). Suppose -4 = -5*o + g. What is the units digit of o?
5
Let h = 89 + -49. Suppose 3*g + p = -h, 3*g = 5*p - 41 - 11. What is the units digit of 4/g - (-447)/21?
1
Suppose -5*w + 4*b = -19 - 2, -5*w = -3*b - 17. Let o(v) = 160*v**3 + 2*v**2 - 2. What is the tens digit of o(w)?
6
Let m = 796 - 294. What is the units digit of m?
2
Let m(n) = -n**2 - 10*n + 6. Let r be m(-10). Suppose 34 = 5*k - r. What is the units digit of (15 - k) + (-1 - 1)?
5
Suppose 8759 = 22*i - 1383. What is the tens digit of i?
6
Suppose 3 - 28 = -5*y. Suppose -240 = -y*r + r. What is the units digit of r?
0
Let v = -2 - -1. Let a = v - -6. What is the units digit of a?
5
Suppose -2*f + 2*d + 410 = 0, -5*f - 3*d + 631 = -402. What is the hundreds digit of f?
2
Let f(s) = -2*s**2 - 2*s - 4. Let g be f(2). Let v = g + 21. What is the units digit of v?
5
Suppose 4*p + 0*p + n - 730 = 0, 0 = 5*p + 3*n - 909. Suppose 5*f = -5, -6*f + 4*f = 5*k - p. What is the units digit of k?
7
What is the tens digit of 20/(-60) + 5168/6?
6
Suppose 0 = -0*l + 2*l, -5*l - 584 = -4*k. Let n = 120 + k. What is the hundreds digit of n?
2
Suppose 2*m = -f + 3 + 60, -3*m - 161 = -2*f. Suppose -346 = -3*b - 5*j, 4*j - 247 - 209 = -4*b. Let c = b - f. What is the units digit of c?
9
Let q = -143 - -64. Let a = q - -179. What is the units digit of a?
0
Let f be 6*((-40)/(-6) - 2). Suppose 2*o + f = 118. Suppose 5*y = -4*m - m + o, m - 21 = 3*y. What is the tens digit of m?
1
Suppose 5*f + t = -0*t + 903, 4*t = 3*f - 528. Let s = f - 101. What is the units digit of s?
9
Let c(q) = -q**2 + 4*q + 12. Let f be c(6). Suppose -4*j + 420 = 5*r, f*r - 5*r + 395 = -j. What is the tens digit of r?
8
Let q(s) = -31*s. Let z(w) = -w + 2. Let p(j) = -q(j) + 6*z(j). What is the units digit of p(8)?
2
Let o(c) = c - 27. Let a be o(22). Let q(d) = -d**3 + 5*d**2 + 4. What is the tens digit of q(a)?
5
Let a(i) = 78*i**3 - 5*i**2 + 11*i + 4. What is the units digit of a(2)?
0
Suppose 5*l + 143 + 37 = 0. Let r = 229 + l. What is the tens digit of r?
9
Let c(h) = 27*h**2 + 31*h + 64. What is the tens digit of c(-2)?
1
Suppose 87 = -5*f - 53. Let a be -2 - (-7)/(f/(-8)). Suppose a*p - 4*p = -112. What is the tens digit of p?
2
What is the hundreds digit of (518/(-56))/(-1*2/168)?
7
Let c(n) = n**3 - 13*n**2 - 12*n + 21. Let h be -2 + 70/5 + 2. What is the units digit of c(h)?
9
What is the units digit of 13710/5 - (-6 - (1 + -1))?
8
Let r(b) be the third derivative of b**6/120 + 2*b**5/15 - 5*b**3/3 - 8*b**2. What is the units digit of r(-7)?
9
Suppose -4*i - 29 = b, -4*b - 15 = i + 11. Let f be (-2)/i - 20/6. Let q = f - -22. What is the units digit of q?
9
Let x(h) = 712*h**2 - 55*h - 116. What is the units digit of x(-2)?
2
Let u = 38 + -42. Let p(l) = 6*l**2 + 6*l + 3. What is the units digit of p(u)?
5
Let f(a) = a + 85. What is the units digit of f(44)?
9
Suppose -2 = -t + 47. Let a = t - -85. What is the units digit of a?
4
Let l = 584 - -1077. What is the hundreds digit of l?
6
Let q(a) = a - 6. Let l be q(6). Suppose 2*x - 33 = -5*t + 41, l = -4*t - 2*x + 58. Let u = 37 - t. What is the tens digit of u?
2
Suppose 146149 + 413726 = 125*f. What is the tens digit of f?
7
Let f = -428 - -3889. What is the hundreds digit of f?
4
Let s = 384 - 379. What is the units digit of s?
5
Let o = -11 - -15. Suppose 0 = o*s + 4 - 60. What is the tens digit of s?
1
Let v(b) = -6 - 1 - 9*b + 2. Let g(d) = 1. Let n(m) = 3*g(m) + v(m). What is the tens digit of n(-2)?
1
Suppose 0 = 200*v - 194*v - 450. What is the tens digit of v?
7
Suppose 2*n - 6*n = -3*u - 258, -4*u - 260 = -4*n. What is the tens digit of -3 - (2 - (n - 2))?
5
Let f(r) = -r**3 - 5*r**2 - 3*r. Let v be f(-5). What is the tens digit of 2 - (-3)/(v/110)?
2
Let g(i) = -58*i + 1. Let l be g(1). Let p = l + 65. What is the units digit of p?
8
Let o = -63 - -149. What is the units digit of o?
6
Suppose -2*r - 4*w = r - 3015, 3*w = 9. What is the tens digit of r?
0
What is the units digit of (-1 + -1)*66/(-12)?
1
Let q be 2/4*(-1 - -5). Suppose 0 = -2*w - 2*x - 18, 0 = -4*w + x - q*x - 27. What is the units digit of 90/(-4)*4/w?
5
Let z = -13 + 20. Let g = 1 + z. Let l = g + 3. What is the units digit of l?
1
Suppose 3*t - 885 = -d - 200, -t = 3. What is the tens digit of d?
9
Let c(t) = -19*t + 3. Let s(h) = -57*h + 8. Let o(x) = 17*c(x) - 6*s(x). Let g be o(4). Suppose -3*f + g = 19. What is the tens digit of f?
2
Suppose -2 - 4 = 3*w + 5*s, -44 = 5*w - 3*s. Let v = w + 128. Suppose -5*l = i - v - 95, 0 = -3*i + 3. What is the tens digit of l?
4
Let u(n) = n + 1. Let c be 24/156 + 56/(-26). Let v be u(c). What is the units digit of -2 + (1 - -22) + v?
0
Let h be (2 + (5 - 2))*23. Let l = h - 31. Suppose -4*j + 6*n + l = 2*n, -94 = -4*j - n. What is the tens digit of j?
2
Let v = 199 - -141. What is the units digit of v?
0
Suppose -g - 12*k = -15*k - 456, 5*g - 2246 = -2*k. What is the tens digit of g?
5
Let a(k) = -5*k + 9. Let c be a(6). Let i = -19 - c. Suppose 20 = -i*n + 4*n. What is the tens digit of n?
1
Let q(j) = 7*j**2 - 9*j